{"id":457,"date":"2021-03-11T11:51:28","date_gmt":"2021-03-11T11:51:28","guid":{"rendered":"http:\/\/s863292157.online.de\/?page_id=457"},"modified":"2026-04-10T14:43:01","modified_gmt":"2026-04-10T14:43:01","slug":"home","status":"publish","type":"page","link":"https:\/\/www.fischer-birk.de\/","title":{"rendered":"Home"},"content":{"rendered":"<p>[et_pb_section fb_built=&#8220;1&#8243; fullwidth=&#8220;on&#8220; _builder_version=&#8220;4.27.4&#8243; _module_preset=&#8220;default&#8220; global_colors_info=&#8220;{}&#8220;][et_pb_fullwidth_slider _builder_version=&#8220;4.27.4&#8243; _module_preset=&#8220;default&#8220; global_colors_info=&#8220;{}&#8220;][et_pb_slide heading=&#8220;Restaurant Fischer&#8220; use_bg_overlay=&#8220;off&#8220; use_text_overlay=&#8220;on&#8220; text_overlay_color=&#8220;rgba(255,255,255,0.39)&#8220; text_border_radius=&#8220;0px&#8220; _builder_version=&#8220;4.27.4&#8243; _module_preset=&#8220;default&#8220; header_level=&#8220;h1&#8243; header_font=&#8220;||||||||&#8220; header_font_size=&#8220;70px&#8220; background_image=&#8220;https:\/\/www.fischer-birk.de\/wp-content\/uploads\/2021\/03\/Headerbild.jpg&#8220; background_enable_image=&#8220;on&#8220; text_orientation=&#8220;center&#8220; background_layout=&#8220;light&#8220; width=&#8220;100%&#8220; custom_padding=&#8220;||250px||false|false&#8220; header_font_size_tablet=&#8220;70px&#8220; header_font_size_phone=&#8220;35px&#8220; header_font_size_last_edited=&#8220;on|phone&#8220; background_last_edited=&#8220;on|desktop&#8220; global_colors_info=&#8220;{}&#8220; sticky_transition=&#8220;on&#8220;][\/et_pb_slide][\/et_pb_fullwidth_slider][\/et_pb_section][et_pb_section fb_built=&#8220;1&#8243; _builder_version=&#8220;4.16&#8243; _module_preset=&#8220;default&#8220; custom_margin=&#8220;||-54px||false|false&#8220; custom_padding=&#8220;2px|||||&#8220; global_colors_info=&#8220;{}&#8220;][et_pb_row column_structure=&#8220;2_3,1_3&#8243; _builder_version=&#8220;4.16&#8243; _module_preset=&#8220;default&#8220; background_color=&#8220;rgba(186,164,135,0.53)&#8220; width=&#8220;100%&#8220; max_width=&#8220;2560px&#8220; custom_margin=&#8220;-2px|auto||auto|false|false&#8220; custom_padding=&#8220;||||false|false&#8220; box_shadow_style=&#8220;preset1&#8243; global_colors_info=&#8220;{}&#8220;][et_pb_column type=&#8220;2_3&#8243; _builder_version=&#8220;4.16&#8243; _module_preset=&#8220;default&#8220; global_colors_info=&#8220;{}&#8220;][et_pb_text _builder_version=&#8220;4.20.0&#8243; _module_preset=&#8220;default&#8220; text_text_color=&#8220;#666666&#8243; text_line_height=&#8220;1em&#8220; width_tablet=&#8220;&#8220; width_phone=&#8220;80%&#8220; width_last_edited=&#8220;on|phone&#8220; custom_padding=&#8220;10px||||false|false&#8220; module_alignment_tablet=&#8220;&#8220; module_alignment_phone=&#8220;center&#8220; module_alignment_last_edited=&#8220;on|phone&#8220; global_colors_info=&#8220;{}&#8220;]<\/p>\n<p class=\" text-center\" style=\"text-align: center;\">\n<p class=\" text-center\" style=\"text-align: center;\">Wir sind t\u00e4glich ab 17.00 Uhr, sonntags und feiertags auch ab 11.30 Uhr bis 14.00 Uhr f\u00fcr Sie da.<\/p>\n<p class=\" text-center\" style=\"text-align: center;\">Dienstags und Mittwochs machen wir eine Pause.<\/p>\n<p>[\/et_pb_text][\/et_pb_column][et_pb_column type=&#8220;1_3&#8243; _builder_version=&#8220;4.16&#8243; _module_preset=&#8220;default&#8220; custom_padding=&#8220;0px||35px||false|false&#8220; global_colors_info=&#8220;{}&#8220;][et_pb_button button_url=&#8220;https:\/\/www.fischer-birk.de\/kontakt-und-anfahrt&#8220; button_text=&#8220;Kontakt und Anfahrt&#8220; button_alignment=&#8220;left&#8220; button_alignment_tablet=&#8220;center&#8220; button_alignment_phone=&#8220;center&#8220; button_alignment_last_edited=&#8220;on|desktop&#8220; _builder_version=&#8220;4.16&#8243; _module_preset=&#8220;default&#8220; custom_button=&#8220;on&#8220; button_text_color=&#8220;#666666&#8243; button_border_width=&#8220;1px&#8220; button_border_color=&#8220;#666666&#8243; button_border_radius=&#8220;14px&#8220; button_use_icon=&#8220;off&#8220; button_rel=&#8220;off|off|off|off|off&#8220; custom_margin=&#8220;25px||||false|false&#8220; custom_padding=&#8220;||||false|false&#8220; global_colors_info=&#8220;{}&#8220;][\/et_pb_button][\/et_pb_column][\/et_pb_row][\/et_pb_section][et_pb_section fb_built=&#8220;1&#8243; fullwidth=&#8220;on&#8220; _builder_version=&#8220;4.16&#8243; _module_preset=&#8220;default&#8220; global_colors_info=&#8220;{}&#8220;][et_pb_fullwidth_header _builder_version=&#8220;4.16&#8243; _module_preset=&#8220;default&#8220; background_color=&#8220;#FFFFFF&#8220; global_colors_info=&#8220;{}&#8220;][\/et_pb_fullwidth_header][\/et_pb_section][et_pb_section fb_built=&#8220;1&#8243; fullwidth=&#8220;on&#8220; _builder_version=&#8220;4.27.4&#8243; _module_preset=&#8220;default&#8220; global_colors_info=&#8220;{}&#8220; theme_builder_area=&#8220;post_content&#8220;][et_pb_fullwidth_slider _builder_version=&#8220;4.27.4&#8243; _module_preset=&#8220;default&#8220; global_colors_info=&#8220;{}&#8220; theme_builder_area=&#8220;post_content&#8220;][et_pb_slide heading=&#8220;Spargelzeit&#8220; use_text_overlay=&#8220;on&#8220; text_overlay_color=&#8220;rgba(255,255,255,0.8)&#8220; _builder_version=&#8220;4.27.4&#8243; _module_preset=&#8220;default&#8220; background_image=&#8220;https:\/\/www.fischer-birk.de\/wp-content\/uploads\/2021\/03\/Spargel.jpg&#8220; background_enable_image=&#8220;on&#8220; parallax=&#8220;on&#8220; background_layout=&#8220;light&#8220; global_colors_info=&#8220;{}&#8220; sticky_transition=&#8220;on&#8220; theme_builder_area=&#8220;post_content&#8220;]<\/p>\n<p>Genie\u00dfen Sie jetzt bei uns frischen deutschen Spargel<\/p>\n<p>[\/et_pb_slide][\/et_pb_fullwidth_slider][\/et_pb_section][et_pb_section fb_built=&#8220;1&#8243; fullwidth=&#8220;on&#8220; _builder_version=&#8220;4.16&#8243; _module_preset=&#8220;default&#8220; global_colors_info=&#8220;{}&#8220; theme_builder_area=&#8220;post_content&#8220;][et_pb_fullwidth_header _builder_version=&#8220;4.16&#8243; _module_preset=&#8220;default&#8220; background_color=&#8220;#FFFFFF&#8220; global_colors_info=&#8220;{}&#8220; theme_builder_area=&#8220;post_content&#8220;][\/et_pb_fullwidth_header][\/et_pb_section][et_pb_section fb_built=&#8220;1&#8243; fullwidth=&#8220;on&#8220; _builder_version=&#8220;4.27.4&#8243; _module_preset=&#8220;default&#8220; global_colors_info=&#8220;{}&#8220;][et_pb_fullwidth_slider _builder_version=&#8220;4.27.4&#8243; _module_preset=&#8220;default&#8220; global_colors_info=&#8220;{}&#8220;][et_pb_slide heading=&#8220;Willkommen in unserem Restaurant&#8220; use_text_overlay=&#8220;on&#8220; text_overlay_color=&#8220;rgba(255,255,255,0.8)&#8220; _builder_version=&#8220;4.27.4&#8243; _module_preset=&#8220;default&#8220; background_image=&#8220;https:\/\/www.fischer-birk.de\/wp-content\/uploads\/2021\/03\/scott-warman-rrYF1RfotSM-unsplash.jpg&#8220; background_enable_image=&#8220;on&#8220; parallax=&#8220;on&#8220; background_layout=&#8220;light&#8220; global_colors_info=&#8220;{}&#8220; sticky_transition=&#8220;on&#8220;]<\/p>\n<p class=\" text-center\" style=\"text-align: center;\">Ein gutes Essen in angenehmer Gesellschaft und gem\u00fctlicher Atmosph\u00e4re;<\/p>\n<p class=\" text-center\" style=\"text-align: center;\">das k\u00f6nnen Sie erwarten und bekommen es bei uns.<\/p>\n<p class=\" text-center\" style=\"text-align: center;\">Wir m\u00f6chten Sie davon \u00fcberzeugen, unsere Leidenschaft f\u00fcr gutes, abwechslungsreiches und schmackhaftes Essen zu teilen.<\/p>\n<p class=\" text-center\" style=\"text-align: center;\">Ebenso leidenschaftlich haben wir die Weinauswahl gestaltet.Gro\u00dfe Etiketten und kleine Winzer f\u00fcllen unsere 300 Positionen umfassende Weinkarte.<\/p>\n<p class=\" text-center\" style=\"text-align: center;\">Neben unserem kulinarischen Angebot und dem zeitlosen Interieur unseres Restaurants tr\u00e4gt nat\u00fcrlich auch das charmante Serviceteam dazu bei, dass Sie einen entspannten und sch\u00f6nen Abend erleben, bei dem auch der Spa\u00df nicht zu kurz kommt.<\/p>\n<p class=\" text-center\" style=\"text-align: center;\">Bei sch\u00f6nem Wetter sorgt unsere Terrasse f\u00fcr sommerliches Flair.<\/p>\n<p class=\" text-center\" style=\"text-align: center;\">Um Ihren Aufenthalt bei uns angenehm zu gestalten, empfehlen wir eine telefonische Tischreservierung.<\/p>\n<p class=\" text-center\" style=\"text-align: center;\">Bitte beachten Sie, dass wir keine Kombikartenzahlungen (EC und Debitkreditkarte in einem), Kreditkartenzahlung und Handy- bzw. Apple Watch Zahlungen annehmen. Girocardzahlungen (EC) sind nat\u00fcrlich weiterhin m\u00f6glich.<\/p>\n<p>[\/et_pb_slide][\/et_pb_fullwidth_slider][\/et_pb_section][et_pb_section fb_built=&#8220;1&#8243; fullwidth=&#8220;on&#8220; _builder_version=&#8220;4.16&#8243; _module_preset=&#8220;default&#8220; global_colors_info=&#8220;{}&#8220;][et_pb_fullwidth_header _builder_version=&#8220;4.16&#8243; _module_preset=&#8220;default&#8220; background_color=&#8220;#FFFFFF&#8220; global_colors_info=&#8220;{}&#8220;][\/et_pb_fullwidth_header][\/et_pb_section][et_pb_section fb_built=&#8220;1&#8243; _builder_version=&#8220;4.16&#8243; _module_preset=&#8220;default&#8220; custom_padding=&#8220;2px|||||&#8220; global_colors_info=&#8220;{}&#8220;][et_pb_row _builder_version=&#8220;4.16&#8243; _module_preset=&#8220;default&#8220; global_colors_info=&#8220;{}&#8220;][et_pb_column type=&#8220;4_4&#8243; _builder_version=&#8220;4.16&#8243; _module_preset=&#8220;default&#8220; global_colors_info=&#8220;{}&#8220;][et_pb_text _builder_version=&#8220;4.27.4&#8243; _module_preset=&#8220;default&#8220; text_text_color=&#8220;#282828&#8243; text_font_size=&#8220;26px&#8220; quote_text_align=&#8220;center&#8220; text_orientation=&#8220;center&#8220; animation_style=&#8220;slide&#8220; animation_delay=&#8220;500ms&#8220; text_font_size_tablet=&#8220;&#8220; text_font_size_phone=&#8220;27px&#8220; text_font_size_last_edited=&#8220;on|phone&#8220; header_font_tablet=&#8220;&#8220; header_font_phone=&#8220;&#8220; header_font_last_edited=&#8220;on|phone&#8220; header_3_font_size_tablet=&#8220;&#8220; header_3_font_size_phone=&#8220;25px&#8220; header_3_font_size_last_edited=&#8220;on|phone&#8220; text_text_shadow_style=&#8220;preset3&#8243; text_text_shadow_blur_strength=&#8220;0.11em&#8220; global_colors_info=&#8220;{}&#8220;]<\/p>\n<h3 style=\"text-align: center;\">&#8222;Essen ist Liebe, ist Genuss und verdient unsere volle Aufmerksamkeit&#8220;<\/h3>\n<p>[\/et_pb_text][\/et_pb_column][\/et_pb_row][\/et_pb_section][et_pb_section fb_built=&#8220;1&#8243; fullwidth=&#8220;on&#8220; _builder_version=&#8220;4.27.4&#8243; _module_preset=&#8220;default&#8220; global_colors_info=&#8220;{}&#8220;][et_pb_fullwidth_slider _builder_version=&#8220;4.27.4&#8243; _module_preset=&#8220;default&#8220; global_colors_info=&#8220;{}&#8220;][et_pb_slide heading=&#8220;Genuss auf dem Teller&#8220; use_text_overlay=&#8220;on&#8220; _builder_version=&#8220;4.27.4&#8243; _module_preset=&#8220;default&#8220; background_image=&#8220;https:\/\/www.fischer-birk.de\/wp-content\/uploads\/2021\/03\/Fotolia_51398943_M_1.jpg&#8220; background_enable_image=&#8220;on&#8220; parallax=&#8220;on&#8220; text_orientation=&#8220;center&#8220; background_layout=&#8220;light&#8220; global_colors_info=&#8220;{}&#8220; sticky_transition=&#8220;on&#8220;]<\/p>\n<p class=\" text-center\">Leichte, feine oder auch deftig traditionelle Gerichte, sowie ausgefallene Variationen bietet unsere aromenreiche K\u00fcche f\u00fcr Sie.<\/p>\n<p class=\" text-center\">Salate in verschiedenen Variationen, frischen Fisch, auf den Punkt gebratene Steaks sowie traditionelle Gerichte genie\u00dfen Sie bei uns.<\/p>\n<p class=\" text-center\">So abwechslungsreich wie die Speisenauswahl sind auch unsere G\u00e4ste. Jeder ist Willkommen und unsere kleinen G\u00e4ste w\u00e4hlen aus ihrer eigenen Speisekarte.<\/p>\n<p class=\" text-center\">Unser Angebot ist bodenst\u00e4ndig und schn\u00f6rkellos, eben fein b\u00fcrgerlich.<\/p>\n<p class=\" text-center\">Und das &#8222;schmeckt&#8220; Ihnen gewiss. Beim ersten Besuch und immer wieder!<\/p>\n<p>[\/et_pb_slide][\/et_pb_fullwidth_slider][\/et_pb_section][et_pb_section fb_built=&#8220;1&#8243; fullwidth=&#8220;on&#8220; _builder_version=&#8220;4.16&#8243; _module_preset=&#8220;default&#8220; global_colors_info=&#8220;{}&#8220;][et_pb_fullwidth_header _builder_version=&#8220;4.16&#8243; _module_preset=&#8220;default&#8220; background_color=&#8220;#FFFFFF&#8220; global_colors_info=&#8220;{}&#8220;][\/et_pb_fullwidth_header][\/et_pb_section][et_pb_section fb_built=&#8220;1&#8243; fullwidth=&#8220;on&#8220; _builder_version=&#8220;4.27.4&#8243; _module_preset=&#8220;default&#8220; global_colors_info=&#8220;{}&#8220;][et_pb_fullwidth_slider _builder_version=&#8220;4.27.4&#8243; _module_preset=&#8220;default&#8220; global_colors_info=&#8220;{}&#8220;][et_pb_slide heading=&#8220;Genuss im Glas&#8220; use_text_overlay=&#8220;on&#8220; _builder_version=&#8220;4.27.4&#8243; _module_preset=&#8220;default&#8220; background_image=&#8220;https:\/\/www.fischer-birk.de\/wp-content\/uploads\/2021\/03\/Fotolia_52197521_M_2.jpg&#8220; background_enable_image=&#8220;on&#8220; parallax=&#8220;on&#8220; text_orientation=&#8220;center&#8220; background_layout=&#8220;light&#8220; global_colors_info=&#8220;{}&#8220; sticky_transition=&#8220;on&#8220;]<\/p>\n<p class=\" text-center\">Wir halten f\u00fcr Sie eine erlesene Auswahl an Weinen bereit. International gepr\u00e4gt erstreckt sich das Repertoire von den wichtigsten Weinbaugebieten Deutschlands und \u00d6sterreichs \u00fcber Italien, Frankreich, Spanien und Portugal.<\/p>\n<p class=\" text-center\">Nahezu alle Weine lassen sich glasweise bestellen und genie\u00dfen.<\/p>\n<p class=\" text-center\">Als Digestif reichen wir verschiedene Grappe, Obstbr\u00e4nde, Aquavit oder Whiskey, ganz nach Ihrem Geschmack.<\/p>\n<p class=\" text-center\">Unseren Bierliebhabern servieren wir M\u00fchlen K\u00f6lsch, Warsteiner Pils und Mei\u00dfel\u00b4s Hefeweizen frisch vom Fa\u00df.<\/p>\n<p>[\/et_pb_slide][\/et_pb_fullwidth_slider][\/et_pb_section][et_pb_section fb_built=&#8220;1&#8243; fullwidth=&#8220;on&#8220; _builder_version=&#8220;4.16&#8243; _module_preset=&#8220;default&#8220; global_colors_info=&#8220;{}&#8220;][et_pb_fullwidth_header _builder_version=&#8220;4.16&#8243; _module_preset=&#8220;default&#8220; background_color=&#8220;#FFFFFF&#8220; global_colors_info=&#8220;{}&#8220;][\/et_pb_fullwidth_header][\/et_pb_section][et_pb_section fb_built=&#8220;1&#8243; _builder_version=&#8220;4.16&#8243; _module_preset=&#8220;default&#8220; custom_padding=&#8220;2px|||||&#8220; global_colors_info=&#8220;{}&#8220;][et_pb_row _builder_version=&#8220;4.16&#8243; _module_preset=&#8220;default&#8220; global_colors_info=&#8220;{}&#8220;][et_pb_column type=&#8220;4_4&#8243; _builder_version=&#8220;4.16&#8243; _module_preset=&#8220;default&#8220; global_colors_info=&#8220;{}&#8220;][et_pb_text _builder_version=&#8220;4.16&#8243; _module_preset=&#8220;default&#8220; text_text_color=&#8220;#282828&#8243; text_font_size=&#8220;26px&#8220; quote_text_align=&#8220;center&#8220; text_orientation=&#8220;center&#8220; animation_style=&#8220;slide&#8220; animation_delay=&#8220;500ms&#8220; header_3_font_size_tablet=&#8220;&#8220; header_3_font_size_phone=&#8220;19px&#8220; header_3_font_size_last_edited=&#8220;on|phone&#8220; text_text_shadow_style=&#8220;preset3&#8243; text_text_shadow_blur_strength=&#8220;0.11em&#8220; global_colors_info=&#8220;{}&#8220;]<\/p>\n<h3 style=\"text-align: center;\">&#8222;Einfach den Alltag hinter sich lassen, miteinander Zeit verbringen und zufrieden sein&#8220;<\/h3>\n<p>[\/et_pb_text][\/et_pb_column][\/et_pb_row][\/et_pb_section][et_pb_section fb_built=&#8220;1&#8243; fullwidth=&#8220;on&#8220; _builder_version=&#8220;4.16&#8243; _module_preset=&#8220;default&#8220; global_colors_info=&#8220;{}&#8220;][et_pb_fullwidth_header _builder_version=&#8220;4.16&#8243; _module_preset=&#8220;default&#8220; background_color=&#8220;#FFFFFF&#8220; global_colors_info=&#8220;{}&#8220;][\/et_pb_fullwidth_header][\/et_pb_section][et_pb_section fb_built=&#8220;1&#8243; _builder_version=&#8220;4.16&#8243; _module_preset=&#8220;default&#8220; background_color=&#8220;RGBA(186,164,135,0.53)&#8220; height=&#8220;357px&#8220; custom_margin=&#8220;-42px|||||&#8220; custom_padding=&#8220;16px|||||&#8220; box_shadow_style=&#8220;preset1&#8243; global_colors_info=&#8220;{}&#8220;][et_pb_row column_structure=&#8220;3_4,1_4&#8243; _builder_version=&#8220;4.16&#8243; _module_preset=&#8220;default&#8220; background_color=&#8220;RGBA(0,0,0,0)&#8220; global_colors_info=&#8220;{}&#8220;][et_pb_column type=&#8220;3_4&#8243; _builder_version=&#8220;4.16&#8243; _module_preset=&#8220;default&#8220; global_colors_info=&#8220;{}&#8220;][et_pb_map google_api_key=&#8220;AIzaSyBOHrlZuGl3KC1JHnqpFBq3FG00HwRt06g&#8220; address=&#8220;Birker Str. 19, 53797 Lohmar, Deutschland&#8220; zoom_level=&#8220;16&#8243; address_lat=&#8220;50.8355556&#8243; address_lng=&#8220;7.2758333&#8243; mouse_wheel=&#8220;off&#8220; mobile_dragging=&#8220;off&#8220; admin_label=&#8220;Karte&#8220; _builder_version=&#8220;4.17.4&#8243; _module_preset=&#8220;default&#8220; height=&#8220;275px&#8220; custom_padding=&#8220;||0px||false|false&#8220; child_filter_saturate=&#8220;98%&#8220; child_filter_brightness=&#8220;105%&#8220; child_mix_blend_mode=&#8220;luminosity&#8220; global_colors_info=&#8220;{}&#8220;][et_pb_map_pin title=&#8220;Restaurant Fischer&#8220; pin_address=&#8220;Birker Str. 19, 53797 Lohmar, Deutschland&#8220; pin_address_lat=&#8220;50.8355556&#8243; pin_address_lng=&#8220;7.2758333&#8243; _builder_version=&#8220;4.17.4&#8243; _module_preset=&#8220;default&#8220; global_colors_info=&#8220;{}&#8220;]<\/p>\n<p>Birker Stra\u00dfe 19, 53797 Lohmar<\/p>\n<p>02246-4265<\/p>\n<p>Dienstag und Mittwoch Ruhetag<\/p>\n<p>[\/et_pb_map_pin][\/et_pb_map][\/et_pb_column][et_pb_column type=&#8220;1_4&#8243; _builder_version=&#8220;4.16&#8243; _module_preset=&#8220;default&#8220; global_colors_info=&#8220;{}&#8220;][et_pb_text _builder_version=&#8220;4.16&#8243; _module_preset=&#8220;default&#8220; text_text_color=&#8220;#282828&#8243; text_orientation=&#8220;center&#8220; module_alignment=&#8220;center&#8220; custom_padding=&#8220;68px||||false|false&#8220; text_text_color_tablet=&#8220;#BAAB9C&#8220; text_text_color_phone=&#8220;#baab9c&#8220; text_text_color_last_edited=&#8220;on|desktop&#8220; global_colors_info=&#8220;{}&#8220;]<\/p>\n<p>Restaurant Fischer<\/p>\n<p>Birker Stra\u00dfe 19<\/p>\n<p>53797 Lohmar &#8211; Birk<\/p>\n<p>02246 &#8211; 4265<\/p>\n<p>[\/et_pb_text][\/et_pb_column][\/et_pb_row][\/et_pb_section]<\/p>\n","protected":false},"excerpt":{"rendered":"<p>Wir sind t\u00e4glich ab 17.00 Uhr, sonntags und feiertags auch ab 11.30 Uhr bis 14.00 Uhr f\u00fcr Sie da. Dienstags und Mittwochs machen wir eine Pause.Genie\u00dfen Sie jetzt bei uns frischen deutschen SpargelEin gutes Essen in angenehmer Gesellschaft und gem\u00fctlicher Atmosph\u00e4re; das k\u00f6nnen Sie erwarten und bekommen es bei uns. Wir m\u00f6chten Sie davon \u00fcberzeugen, [&hellip;]<\/p>\n","protected":false},"author":1,"featured_media":0,"parent":0,"menu_order":0,"comment_status":"closed","ping_status":"closed","template":"","meta":{"_et_pb_use_builder":"on","_et_pb_old_content":"","_et_gb_content_width":"","_monsterinsights_skip_tracking":false,"_monsterinsights_sitenote_active":false,"_monsterinsights_sitenote_note":"","_monsterinsights_sitenote_category":0,"footnotes":""},"class_list":["post-457","page","type-page","status-publish","hentry"],"_links":{"self":[{"href":"https:\/\/www.fischer-birk.de\/index.php?rest_route=\/wp\/v2\/pages\/457","targetHints":{"allow":["GET"]}}],"collection":[{"href":"https:\/\/www.fischer-birk.de\/index.php?rest_route=\/wp\/v2\/pages"}],"about":[{"href":"https:\/\/www.fischer-birk.de\/index.php?rest_route=\/wp\/v2\/types\/page"}],"author":[{"embeddable":true,"href":"https:\/\/www.fischer-birk.de\/index.php?rest_route=\/wp\/v2\/users\/1"}],"replies":[{"embeddable":true,"href":"https:\/\/www.fischer-birk.de\/index.php?rest_route=%2Fwp%2Fv2%2Fcomments&post=457"}],"version-history":[{"count":33,"href":"https:\/\/www.fischer-birk.de\/index.php?rest_route=\/wp\/v2\/pages\/457\/revisions"}],"predecessor-version":[{"id":980,"href":"https:\/\/www.fischer-birk.de\/index.php?rest_route=\/wp\/v2\/pages\/457\/revisions\/980"}],"wp:attachment":[{"href":"https:\/\/www.fischer-birk.de\/index.php?rest_route=%2Fwp%2Fv2%2Fmedia&parent=457"}],"curies":[{"name":"wp","href":"https:\/\/api.w.org\/{rel}","templated":true}]}}